 = 2*o - 28. Let c be s(a). Let z(d) = 3*d**2 - 14*d - 6. What is the units digit of z(c)?
8
Suppose 85 - 91 = -2*n. Suppose 0 = -z - 5, -n*z - 537 = -5*w - 102. What is the units digit of w?
4
Suppose 7*l = -106 - 76. Suppose 5*r = 2*b - 45, 3*r - b + 6 + 21 = 0. What is the tens digit of (r/(-18))/((-1)/l)?
1
Let m(g) = 115*g - 31. Let a be m(5). Let w = a - 385. What is the units digit of w?
9
Suppose 0*o - o = -15. Let k = 61 + o. Suppose -3*f + k + 230 = 0. What is the tens digit of f?
0
Suppose 0*m + 12 = o - 2*m, m + 5 = 0. Suppose -a + 1 = -o. Suppose -264 = -7*u + a*u. What is the units digit of u?
6
Let v(d) = -91*d - 51. Let y be v(6). Let m = -563 - y. What is the units digit of m?
4
Suppose -79675 - 1694153 = -36*v. What is the ten thousands digit of v?
4
Suppose 0 = -8*a + 16*a - 8769 - 16455. What is the units digit of a?
3
Suppose j - 1196 = -s, 3*j + 0*s + 4*s - 3590 = 0. Let u = -838 + j. What is the tens digit of u?
5
Suppose y + 2 = -3*y - 2*j, 0 = y + 3*j + 13. Suppose 2*p = -3*l - 6, -y*l - 4 = 4*p - 0*l. Suppose -2*v + 43 + 7 = p. What is the units digit of v?
5
Let u be 0 + 1052 - (-17 + 13). What is the units digit of 1 + (3 + -2)/(6/u)?
7
Let k = -25679 - -28567. What is the tens digit of k?
8
Let k(d) = -d**3 - 3*d - 12. Let p be k(-3). Let u be (1 - (0 + -8))/(36/p). Suppose u*n + 3*n = 1881. What is the units digit of n?
9
Let s(p) = 357 - 339 + 2*p**3 - p - p**3. Let b(t) = t**3 - 3*t**2 - 5*t + 4. Let m be b(4). What is the units digit of s(m)?
8
Let a(d) = 45*d**2 + 4*d - 8. Let n(v) = 90*v**2 + 9*v - 17. Let y(f) = 9*a(f) - 4*n(f). What is the units digit of y(-3)?
1
Suppose 4*z = h + 7, 3*z - 6*h + 4*h = 4. Let c be (-2121)/(-18) + 1/6. Let g = c + z. What is the tens digit of g?
2
Let o(y) = -y**2 - 4*y + 9. Let z be o(-5). Suppose -d = -z*a + 2648, 4*d + 1294 - 3299 = -3*a. What is the tens digit of a?
6
Let j(f) be the second derivative of f**4/6 + f**2 + 23*f. What is the tens digit of j(-8)?
3
Let t = -5633 + 9348. What is the thousands digit of t?
3
Suppose 0 = -13*c - 281 + 2075. Suppose c = u - 462. What is the hundreds digit of u?
6
Suppose 16*n - 15732 = 10*n. Suppose -14*l + n + 8368 = 0. What is the tens digit of l?
8
Suppose 12*o - 208268 = -o - 39060. What is the units digit of o?
6
Let z(o) = o - 7. Let c be z(6). Let r be (6 - (-18)/(-4))/((-6)/(-8)). What is the tens digit of 23 + (4 - r)/(c/(-2))?
2
Let v(i) = 4*i - 21. Let p be v(13). Suppose -r = -0*r - p. Suppose 8*l - 4*l - 2*f = 214, -l + r = -5*f. What is the tens digit of l?
5
Suppose 18*v - 226449 = 159795. What is the units digit of v?
8
Suppose -11 = -3*i - 2, -4*i + 15 = -d. Let q be (4 - 110/30)/((-2)/72). What is the hundreds digit of (-3462)/(-24) - d/q?
1
Suppose 2*p - 6 = -2*u, 2*p = -3*u + 7*p + 25. Let r be u/(-5) - (3/3 - 10488). What is the hundreds digit of 1/((-3)/7 + 4543/r)?
2
Let w be 3 - (-1 + (-16)/(-4) - 0). Let t(s) = -s**3 - 2*s + 1143. What is the units digit of t(w)?
3
Suppose 75*u - 57384 = 13*u - 10*u. What is the hundreds digit of u?
7
Suppose 0 = 421*k - 440*k + 80902. What is the units digit of k?
8
Let q = -3661 - -6716. What is the thousands digit of q?
3
Suppose -53406 = -3*x + 3*j, 2*j + 132259 = 7*x + 7620. What is the hundreds digit of x?
8
Let z(k) = 2*k**3 - 5*k + 6. Let m be z(1). Suppose -m*f - f = -4752. What is the thousands digit of f?
1
Suppose 16*h + 12*h = -20*h + 300480. What is the thousands digit of h?
6
Suppose 9906719 = 492*t - 10981141. What is the hundreds digit of t?
4
Suppose -16*j = -9*j - 6132. Let k = j + 674. What is the units digit of k?
0
Suppose 0 = o - 11 + 17. Let z(q) = -114*q - 95. What is the units digit of z(o)?
9
What is the units digit of (-14)/((-350)/1760225) - -1*12?
1
Suppose 154*j + 690 = 160*j. What is the units digit of (92/j)/(1*4/6070)?
4
What is the units digit of ((-4)/(4 + -6)*1994)/1?
8
Suppose -3*m - 1474 = 2720. Suppose 0 = -391*o + 384*o - 189. What is the units digit of m/(-27) + (-6)/o?
2
What is the thousands digit of (-112840)/(-560)*2*1/2*34?
6
Suppose -2*r - q = -16, 3*r = 2*r + 3*q + 8. Let t = r + 2. Suppose -t*l = -12*l + 200. What is the hundreds digit of l?
1
Let o be 0 - (-2 + 4)/(-1). Suppose d - o*u = 213, 25*u = 21*u + 12. What is the hundreds digit of d?
2
Suppose 0 = -8*u - 20*u + 336. Let b(j) = -18*j**3 - 3*j - 2. Let g be b(-2). Suppose 0 = -u*k + 11*k + g. What is the units digit of k?
8
Let d(b) = -27*b + 38*b + 11 - 1. What is the tens digit of d(16)?
8
Suppose 484 + 388 = 2*g. Let q = 765 - g. What is the tens digit of q?
2
Let l(i) = i**3 - 18*i**2 - 29*i + 26. Let o be l(23). Suppose -7*h + o + 2595 = 0. What is the tens digit of h?
5
Let d(i) = 5*i**2 + 4*i + 82. Let v be d(-11). Let g = v + -311. What is the hundreds digit of g?
3
Suppose -2*i - 154*q = -158*q - 29562, 4*q - 4 = 0. What is the thousands digit of i?
4
Let z(t) = -19*t + 94. Let v be z(7). What is the tens digit of 203 + (v/(-91))/(2/14)?
0
Let u(k) = 16*k - 2. Let b(c) = 17*c - 3. Let f(y) = -5*b(y) + 6*u(y). Let n(i) = -i**3 + i**2 - 15*i + 4. Let q be n(0). What is the units digit of f(q)?
7
Let h be 3*(4 + -2 - 3). Let u be -8*(-6 - h)*66/4. Suppose -6*d + u = 126. What is the units digit of d?
5
Suppose -4*j + 16588 = -3*i, -891*j + 896*j = -2*i + 20758. What is the tens digit of j?
5
What is the tens digit of 550/(-220)*75908/(-5)?
5
Let a(k) = 3*k**3 + 18*k**2 - k - 4. Let r be a(-6). Suppose 2*o - 5*d - 1643 = 0, -r*d = o + 4*o - 4035. What is the units digit of o?
9
Let h(r) = 3*r**3 - 3*r**2 - 4*r + 14. Let a be h(4). Suppose -2*x + 2*y - 236 = 0, 320 + a = -4*x + 2*y. Let p = -1 - x. What is the tens digit of p?
1
Suppose -7*l + 1288 = 16*l. What is the units digit of 11/((-2)/l*-4)?
7
Let p be (-2 - (2 - 0)) + 5242. Suppose -b - p = -7*b. What is the tens digit of b?
7
Suppose -15*t + 10*t = -25. Suppose 0 = 3*r - r - t*h + 1, 3*h - 75 = -5*r. Suppose -7*l - 335 = -r*l. What is the units digit of l?
7
Let k(n) = -n**3 + 9*n**2 + 8*n + 24. Let b(u) = -2*u + 22. Let m be b(6). Let y be k(m). Suppose -y*t - 1620 = -16*t. What is the units digit of t?
5
Let z(u) = 8*u**2 + 10*u - 56. Let n be z(-13). Let q = 2140 - n. What is the units digit of q?
4
Suppose -85592 = -23*h + 26855. What is the thousands digit of h?
4
Suppose 110 = 9*f - 34. Suppose f*t = 29465 - 10153. What is the units digit of t?
7
Suppose -46760 = -4*v + 5*o, -30*v = -26*v - o - 46760. What is the ten thousands digit of v?
1
Let n = -20 + 1. Suppose w + 2*k - 10 = 0, -14*w - 2*k + 18 = -11*w. Let g = w - n. What is the tens digit of g?
2
Let n(y) = 44*y**2 + 2545*y + 4. What is the hundreds digit of n(-61)?
4
Let m(a) = a**3 - 11*a**2 - 27*a + 2. Let d be m(14). Suppose 20*o - 21*o = -d. What is the tens digit of o?
1
Let m be (3 + 0)/(2/314). Suppose 4*z - m - 837 = 0. What is the tens digit of z?
2
Suppose 62*m + 98536 = 864856. What is the ten thousands digit of m?
1
Let u = 30929 + -15728. What is the hundreds digit of u?
2
Let d(j) = j**2 - 14*j + 137. Let g be d(-31). Let f = 2211 - g. What is the tens digit of f?
7
What is the units digit of 4*2 + 83 + 9512?
3
Suppose 5*m - 1161 = 3*n, -3*n - 225 = -5*m + 4*m. Suppose l - m = 494. What is the hundreds digit of l?
7
Suppose -3*m + 4610 = -2*x, 0 = -2*m + 2*x - 0*x + 3074. What is the hundreds digit of m?
5
Let w = -11952 + 29079. What is the hundreds digit of w?
1
Suppose 213 = 70*y - 73*y. What is the tens digit of ((-88)/16 - -6) + y/(-2)?
3
Let c(k) = -k**3 + 6*k**2 - 5*k - 6. Let r be c(9). Let q = -136 - r. What is the hundreds digit of q?
1
Let c = 2096 - -20236. What is the hundreds digit of c?
3
Suppose 51647 + 6085 = 51*b. Let j = b - -86. What is the units digit of j?
8
Let k = 890 + 164. Let n = k - 726. What is the tens digit of n?
2
Suppose 3*s + 2*f = f + 12, 0 = s + 3*f - 12. Suppose -4*t + 2370 = -0*p + 5*p, -s*p + t = -1405. What is the units digit of p?
0
Let c(r) = -2*r**3 + 4*r**2 - 3*r - 6. Let s be c(-8). Suppose 9*f + 344 = s. What is the tens digit of f?
0
Let z(n) = 121*n - 59. Let p be (5 - (-9)/(-2))*16. What is the hundreds digit of z(p)?
9
Let a(i) = i**3 - i**2 + 2*i + 263. Let o = -126 - -126. What is the hundreds digit of a(o)?
2
Let c = -99 + 90. What is the units digit of ((-45)/c)/(1/99)